4?
a
What is -2 (base 3) in base 7?
-2
Convert -16 (base 7) to base 16.
-d
What is -d (base 15) in base 2?
-1101
What is 25 (base 15) in base 13?
29
-8 (base 11) to base 13
-8
Convert -11110 (base 2) to base 3.
-1010
What is -27 (base 15) in base 6?
-101
Convert aa (base 11) to base 9.
143
Convert -11 (base 13) to base 2.
-1110
-5 (base 8) to base 3
-12
-1112 (base 3) to base 8
-51
Convert 305 (base 8) to base 5.
1242
2 (base 13) to base 8
2
Convert d (base 15) to base 14.
d
What is -12202 (base 3) in base 13?
-bc
-41 (base 6) to base 16
-19
What is 2 (base 14) in base 15?
2
Convert -40 (base 5) to base 6.
-32
What is -10 (base 5) in base 2?
-101
What is -42 (base 12) in base 7?
-101
Convert 32 (base 12) to base 6.
102
What is 12 (base 16) in base 11?
17
Convert 62 (base 16) to base 11.
8a
What is 11 (base 10) in base 5?
21
Convert 1 (base 6) to base 3.
1
What is -15 (base 13) in base 15?
-13
What is 7 (base 16) in base 13?
7
-27 (base 12) to base 7
-43
Convert -11 (base 10) to base 5.
-21
-10 (base 16) to base 14
-12
Convert 0 (base 2) to base 3.
0
What is 46 (base 7) in base 3?
1021
What is 20 (base 4) in base 15?
8
Convert 11 (base 9) to base 15.
a
Convert 226 (base 7) to base 2.
1110110
What is -4 (base 9) in base 2?
-100
141 (base 5) to base 15
31
What is -111 (base 12) in base 7?
-313
-34 (base 10) to base 6
-54
15 (base 15) to base 5
40
Convert -10200 (base 3) to base 7.
-201
-2 (base 14) to base 16
-2
What is -14 (base 15) in base 11?
-18
-224 (base 10) to base 3
-22022
What is 10110110 (base 2) in base 9?
222
-8 (base 15) to base 2
-1000
What is 44 (base 6) in base 7?
40
What is 33 (base 10) in base 15?
23
Convert -121 (base 4) to base 5.
-100
What is 21 (base 16) in base 2?
100001
-2 (base 10) to base 15
-2
What is 1a (base 14) in base 16?
18
-3 (base 12) to base 6
-3
Convert -25 (base 10) to base 2.
-11001
12 (base 3) to base 14
5
11001 (base 2) to base 10
25
What is 1012 (base 3) in base 6?
52
54 (base 11) to base 14
43
What is 21 (base 3) in base 4?
13
Convert 50 (base 16) to base 11.
73
-87 (base 9) to base 14
-59
What is -20 (base 7) in base 15?
-e
Convert 4 (base 6) to base 9.
4
-1002 (base 3) to base 13
-23
1403 (base 5) to base 10
228
What is 0 (base 13) in base 4?
0
Convert 0 (base 2) to base 14.
0
Convert 2 (base 14) to base 11.
2
What is 10 (base 2) in base 9?
2
Convert -32 (base 8) to base 13.
-20
-1 (base 10) to base 12
-1
a (base 11) to base 4
22
-1012 (base 4) to base 3
-2121
Convert 1001111 (base 2) to base 3.
2221
Convert -4 (base 14) to base 7.
-4
-77 (base 16) to base 2
-1110111
What is -2c (base 15) in base 6?
-110
1 (base 15) to base 13
1
What is -23 (base 9) in base 16?
-15
Convert -1001010 (base 2) to base 3.
-2202
Convert 202 (base 5) to base 16.
34
What is 126 (base 10) in base 13?
99
What is 21 (base 16) in base 7?
45
What is -8 (base 12) in base 15?
-8
Convert 22 (base 5) to base 11.
11
Convert 11 (base 7) to base 8.
10
Convert -43 (base 9) to base 3.
-1110
2 (base 4) to base 14
2
What is 15 (base 8) in base 6?
21
Convert -55 (base 11) to base 6.
-140
What is 26a (base 12) in base 14?
1c6
154 (base 6) to base 7
130
1 (base 15) to base 5
1
-1 (base 13) to base 8
-1
-78 (base 10) to base 13
-60
6 (base 10) to base 2
110
What is -50 (base 6) in base 9?
-33
3 (base 16) to base 13
3
-110 (base 2) to base 7
-6
Convert 90 (base 16) to base 3.
12100
Convert 119 (base 15) to base 13.
162
10 (base 2) to base 8
2
34 (base 16) to base 6
124
What is -378 (base 9) in base 4?
-10322
What is 68 (base 9) in base 11?
57
Convert -11 (base 12) to base 7.
-16
-222 (base 8) to base 5
-1041
What is 15 (base 12) in base 13?
14
Convert 2 (base 13) to base 16.
2
Convert -a (base 15) to base 7.
-13
Convert 2 (base 4) to base 15.
2
Convert 113 (base 7) to base 14.
43
Convert 0 (base 7) to base 10.
0
3 (base 10) to base 8
3
What is -1222 (base 3) in base 7?
-104
Convert 1 (base 15) to base 12.
1
What is 34 (base 9) in base 5?
111
Convert -106 (base 9) to base 3.
-10020
Convert -10111 (base 3) to base 5.
-334
What is -5 (base 13) in base 11?
-5
What is 3 (base 16) in base 12?
3
Convert -92 (base 16) to base 11.
-123
What is -14 (base 5) in base 16?
-9
11010 (base 2) to base 8
32
Convert -312 (base 6) to base 10.
-116
What is -156 (base 8) in base 4?
-1232
Convert 2 (base 16) to base 3.
2
Convert e (base 16) to base 5.
24
Convert -212 (base 8) to base 3.
-12010
1 (base 3) to base 10
1
-68 (base 10) to base 3
-2112
Convert 5 (base 15) to base 5.
10
110 (base 9) to base 14
66
What is -11 (base 5) in base 10?
-6
What is -3 (base 7) in base 8?
-3
Convert -2b (base 16) to base 4.
-223
-31 (base 16) to base 7
-100
10 (base 5) to base 14
5
What is -5 (base 11) in base 9?
-5
What is -102 (base 3) in base 11?
-10
Convert 8 (base 14) to base 13.
8
Convert -30 (base 6) to base 13.
-15
144 (base 14) to base 6
1104
Convert 1024 (base 5) to base 14.
9d
Convert -1 (base 16) to base 12.
-1
Convert 1010 (base 2) to base 11.
a
38 (base 14) to base 16
32
Convert 115 (base 10) to base 3.
11021
3 (base 8) to base 12
3
-2 (base 7) to base 9
-2
Convert 1 (base 5) to base 13.
1
What is 0 (base 4) in base 9?
0
Convert 43 (base 14) to base 16.
3b
What is -3 (base 13) in base 2?
-11
What is -96 (base 11) in base 7?
-210
Convert -20 (base 3) to base 15.
-6
What is 76 (base 13) in base 15?
67
Convert -24 (base 8) to base 5.
-40
Convert 9 (base 15) to base 11.
9
4 (base 8) to base 13
4
10 (base 3) to base 12
3
-456 (base 7) to base 3
-22210
Convert -1403 (base 5) to base 7.
-444
34 (base 7) to base 2
11001
What is -3 (base 7) in base 3?
-10
7 (base 11) to base 5
12
Convert -5 (base 12) to base 16.
-5
What is 35 (base 13) in base 2?
101100
Convert 20 (base 12) to base 3.
220
What is -21 (base 7) in base 12?
-13
What is -44 (base 7) in base 11?
-2a
What is 0 (base 3) in base 10?
0
Convert -22 (base 3) to base 8.
-10
120 (base 3) to base 2
1111
Convert 2f (base 16) to base 5.
142
Convert -4 (base 14) to base 3.
-11
Convert 92 (base 12) to base 3.
11002
What is -8a (base 13) in base 14?
-82
212 (base 3) to base 9
25
What is 401 (base 5) in base 6?
245
What is 11 (base 3) in base 12?
4
Convert 8 (base 13) to base 12.
8
What is -84 (base 11) in base 12?
-78
Convert -211 (base 3) to base 10.
-22
What is 1e (base 16) in base 11?
28
What is -a (base 13) in base 12?
-a
What is -36 (base 9) in base 3?
-1020
Convert -a (base 11) to base 13.
-a
What is 1 (base 8) in base 16?
1
What is -2 (base 7) in base 16?
-2
What is -27 (base 16) in base 12?
-33
Convert -23 (base 7) to base 6.
-25
Convert -1 (base 9) to base 3.
-1
Convert 4 (base 16) to base 10.
4
2a (base 14) to base 8
46
-10200 (base 3) to base 13
-78
-113 (base 5) to base 14
-25
-1000100 (base 2) to base 14
-4c
-1 (base 16) to base 4
-1
What is -1 (base 2) in base 3?
-1
Convert 5b (base 12) to base 16.
47
What is 0 (base 12) in base 5?
0
What is 400 (base 6) in base 10?
144
What is 3 (base 6) in base 14?
3
Convert -103 (base 12) to base 16.
-93
Convert 1 (base 15) to base 6.
1
7d (base 14) to base 12
93
-2 (base 7) to base 9
-2
-10 (base 2) to base 5
-2
What is 11 (base 6) in base 5?
12
What is 161 (base 10) in base 8?
241
-2113 (base 4) to base 6
-411
What is -30 (base 9) in base 7?
-36
What is -4 (base 5) in base 15?
-4
Convert 6 (base 11) to base 16.
6
What is -2002 (base 5) in base 8?
-374
What is 11 (base 4) in base 7?
5
What is 193 (base 13) in base 11?
243
What is 47 (base 12) in base 13?
43
16 (base 14) to base 13
17
-22 (base 3) to base 5
-13
What is -3 (base 6) in base 4?
-3
-323 (base 6) to base 4
-1323
-10 (base 3) to base 2
-11
What is -3 (base 6) in base 9?
-3
-6 (base 13) to base 10
-6
Convert -111000 (base 2) to base 12.
-48
What is -12 (base 11) in base 7?
-16
12 (base 7) to base 2
1001
Convert -d2 (base 16) to base 14.
-110
Convert 2 (base 6) to base 4.
2
What is 11 (base 8) in base 13?
9
What is 22 (base 3) in base 15?
8
Convert -8 (base 9) to base 7.
-11
-100 (base 4) to base 3
-121
What is -2 (base 3) in base 7?
-2
Convert -18 (base 9) to base 8.
-21
What is -3 (base 10) in base 14?
-3
Convert -6 (base 16) to base 10.
-6
What is 131 (base 5) in base 3?
1112
-181 (base 11) to base 14
-110
-21 (base 4) to base 8
-11
What is -11 (base 4) in base 15?
-5
What is -103 (base 4) in base 9?
-21
What is 5 (b